nd q.
14
Let u be (-50)/(-6) - (-2)/(-6). Let p(s) = -s**2 + 8*s - 1. Let k be p(u). Let a be 198*(4 - 5)*k. What is the highest common divisor of 22 and a?
22
Suppose -78 = -3*d - 4*a, 133*a = -5*d + 137*a + 98. Let k = -184 - -294. Calculate the highest common factor of d and k.
22
Let s = -138 - -257. Suppose 5*w - 143 = g - 2*g, 3*w = g - s. Suppose -32 = -0*b - 2*b. What is the greatest common factor of b and g?
16
Let t be (-2)/(-5) - (-1632)/120. Let v be (12/(-9))/((-4)/42). What is the highest common divisor of t and v?
14
Let l(u) = 25*u**3 - u**2. Let n be l(2). Let t be n/(-21)*(-1 + 4). Let r = -13 - t. What is the highest common divisor of 30 and r?
15
Let w be (19 + -21)/(2/(-16)). Suppose 45 = 2*o - 5*s, 4*o - 38 - w = -2*s. Suppose o + 3 = 2*h. What is the greatest common divisor of h and 6?
3
Let j = 7 + 4. Suppose -21*d = 24*d + 3*d - 1584. What is the highest common factor of j and d?
11
Let o = 1869 - 1781. What is the greatest common divisor of o and 1408?
88
Let a be 3 + 120/(-42) - (-14170)/35. What is the highest common divisor of a and 15?
15
Suppose 47*r - 2790 = 2286. What is the greatest common divisor of 576 and r?
36
Let r be (-150)/(-105)*(-42)/(-5). What is the highest common divisor of 246 and r?
6
Let y = -372 + 380. What is the highest common factor of y and 32?
8
Suppose -20*o - 4*n + 296 = -19*o, 3*o + 2*n = 918. Calculate the highest common factor of 1309 and o.
77
Let b be (-3 - -3)/(2 + -4). Suppose b*h + 2*h = 6. Suppose 22 + 5 = h*a. Calculate the greatest common factor of 3 and a.
3
Suppose -54 = -2*k + 5*f, -168 + 33 = -5*k + 4*f. Suppose -3*b + k = -18. Let j = 66 - 21. What is the highest common divisor of b and j?
15
Let w(y) = -y**3 - y**2. Let n be (-27)/21 - 6/(-21). Let k be w(n). Suppose -6*b + 6 + k = 0. Calculate the highest common divisor of b and 5.
1
Let b be -4*(-3 + (-2 - -2)). Suppose 0*s + 2*s - b = 0. Calculate the highest common divisor of s and 9.
3
Let s be (59 - -15)/(40/12 + -3). What is the highest common factor of s and 259?
37
Let x = -280 - -490. What is the greatest common factor of x and 21?
21
Let l(w) = -2*w**2 + 3*w - 1. Let c be l(-10). Let z = 506 + c. What is the greatest common divisor of z and 25?
25
Let l = -965 - -1049. What is the highest common factor of l and 42?
42
Let y(o) = 11*o**2 - 4*o + 2. Let r be y(4). Let s = -151 + 218. Let x = r - s. Calculate the highest common factor of x and 38.
19
Suppose 4*c + 4*m - 5824 = 0, 3*m - 5720 = -4*c + 104. What is the greatest common factor of 224 and c?
112
Let h(y) be the second derivative of 7*y**3/6 + 4*y**2 - y. Let o be ((-1)/4)/(2/(-56)). Let s be h(o). What is the greatest common factor of 19 and s?
19
Let t = -3164 - -3178. What is the highest common factor of 406 and t?
14
Suppose 2*a - 5 = a. Suppose -24 = 2*v + 2*o - o, -4*v - 48 = a*o. Let x be 70*(v/3)/(-4). What is the greatest common factor of x and 14?
14
Let f = -56 - -58. Suppose f*d + k - 10 = 43, 2*k - 28 = -d. What is the greatest common factor of d and 78?
26
Let m be (552/(-32) - -1)/(2/(-32)). Calculate the greatest common divisor of 52 and m.
52
Let f = -1187 - -1214. What is the greatest common factor of 1728 and f?
27
Suppose -5*t + 5*l = -1675, -l - 138 + 475 = t. What is the highest common factor of t and 32?
16
Let y(m) = -51*m + 868. Let i be y(16). What is the greatest common factor of i and 1742?
26
Let j(q) = q**3 - 17*q**2 - 12*q - 36. Let w be j(18). Let l(k) = 4*k - 4. Let n be l(3). What is the highest common divisor of w and n?
8
Let a(s) = -4*s**2 + 12*s + 56. Let z be a(0). What is the greatest common factor of 70 and z?
14
Let j be (-16)/((-48)/5)*54. Calculate the greatest common factor of 40 and j.
10
Let s(b) = -3*b**2 + 67*b - 24*b + b**2 - 38. Let r be s(20). Calculate the greatest common divisor of r and 154.
22
Let l(k) = -k**2 + 6*k + 2. Let i be l(6). Suppose 0 = -23*c + 19*c. Let s(u) = u**2 + 2*u + 4. Let p be s(c). Calculate the highest common factor of i and p.
2
Let c = -9 - -3. Let l be 2/(-3) + (-10)/c. Suppose 0 = 3*g - p - 13, -p + 4 = g + l. What is the highest common divisor of g and 12?
4
Let j(q) = 5*q + 8. Suppose 2*n + 4*n = 0. Let g be j(n). Let p(x) = 11*x + 1. Let k be p(1). What is the greatest common divisor of g and k?
4
Let v be (-15)/10*28/(-3). Let l be (-126)/(5 - -1)*(-48)/v. Let p be (-12)/(-2)*(3 + 1). Calculate the highest common factor of p and l.
24
Let o be 38740/55 - (-32)/(-88). Calculate the greatest common factor of 33 and o.
11
Let n be -3*35/(-42)*(63 - -1). Suppose -35 = -5*v + 65. Calculate the highest common divisor of v and n.
20
Let t be (0 - 9)/((-15)/105). What is the highest common divisor of t and 567?
63
Suppose 3*u = -u - 1764. Let j be ((-32)/6)/(14/u). Let v(c) = 3*c + 3. Let q be v(6). What is the highest common factor of j and q?
21
Let h be -8 - -35 - (1 - 2). What is the highest common divisor of h and 42?
14
Suppose 93 = 3*j + 5*n, n = 494*j - 495*j + 29. Let l = -4 - -17. What is the highest common divisor of j and l?
13
Let q = -23 - -11. Let l = -15 + 7. Let w = l - q. Calculate the greatest common divisor of w and 4.
4
Let c = -28 - -70. Let y(i) = 8*i**2. Let a be y(2). Suppose 12 = a*n - 30*n. Calculate the greatest common factor of n and c.
6
Suppose -2*d + 26 = -3*d. Let b = 15 + d. Let q = b + 12. What is the greatest common divisor of q and 3?
1
Suppose -2*z - 5*z = -336. Suppose 57*s - z*s = 135. Let t be -135*(-1 + 0 - 0). What is the greatest common divisor of s and t?
15
Let g(w) = -2*w - 1. Let y be g(-2). Let i be 1/y - 1633/(-69). Suppose l - 4*l + 13 = -5*z, 5*l - 34 = -4*z. What is the highest common factor of i and l?
6
Let s = -17 - -17. Suppose -3*h + 3 + 6 = s. Suppose -t - 180 = -h*t. Calculate the highest common divisor of t and 10.
10
Let f(c) = -c**3 + 6*c**2 + 9*c - 8. Suppose -8*a + 28 = -4*a. Let m be f(a). Suppose -75 + 0 = -5*h. What is the greatest common divisor of m and h?
3
Suppose 30 = 2*l - 4*l. Let y = l - -20. Suppose 5*b - 2*w - 76 = 0, y*b - 2*w - 3*w = 85. Calculate the highest common divisor of 98 and b.
14
Suppose -k + 3*q = -34, -5*k - 9*q + 5*q = -208. Calculate the greatest common factor of k and 25.
5
Let o = 22 - 22. Suppose o*u - 720 = -9*u. What is the highest common divisor of u and 40?
40
Let v be 1/21*6 - (-192)/14. Calculate the highest common factor of v and 182.
14
Suppose 0 = -n + 3*n - 42. Suppose -23*b + 10 = -n*b. What is the greatest common divisor of 45 and b?
5
Let i = 86 - -109. Calculate the greatest common divisor of i and 30.
15
Let l(r) = 2*r**2 - 26*r - 20. Let h be l(18). Calculate the highest common divisor of h and 5.
5
Suppose -7 = -520*q + 519*q. What is the greatest common divisor of 707 and q?
7
Suppose 0 = -8*x - 10 + 50. Let d be -2 - x*1*(-2178)/45. Calculate the highest common divisor of 30 and d.
30
Suppose 2*k - 3*k + 5*g + 37 = 0, -2*k - 4*g + 32 = 0. Suppose 0 = -46*t - 19*t + 11440. What is the greatest common divisor of k and t?
22
Let v(g) = 8*g**3 - 4*g**2 - 21*g + 46. Let z be v(2). Calculate the highest common factor of z and 390.
26
Suppose 0 = 5*g - 2*k - 1092, -8*g = -7*g - 5*k - 200. Calculate the highest common divisor of g and 16.
4
Let m = -13 + 13. Suppose 5*v + 2*l + 365 = -0, -l = m. Let z = v - -293. Calculate the highest common factor of 20 and z.
20
Suppose 0 = 5*m + 2*a - 6, -4*m - 2 = a - 8. Let k be m*5/(5/8). What is the greatest common factor of k and 96?
16
Let i(t) = 8*t + 19. Let g be i(7). Let z = 147 - g. Calculate the highest common factor of 9 and z.
9
Let i = -200 + 336. Suppose -4*u + 272 = 2*a, -5*u - 5*a + i = -3*u. What is the greatest common factor of 17 and u?
17
Let z(a) = 5*a**2 - 9*a + 10. Let m be z(3). Calculate the highest common factor of 252 and m.
28
Suppose 0 = 4*h - 7 + 31. Let i be (-45)/(-6)*h/(-9). Suppose i*d = -4*b + 84, 3*d + 2*b - 24 = 28. Calculate the greatest common divisor of 30 and d.
10
Let o(t) = -t**3 - 16*t**2 + 9. Let v(r) = r**3 - 3*r - 16. Let g be v(0). Let c be o(g). Calculate the greatest common divisor of c and 1.
1
Let q = -22 - -35. Calculate the highest common factor of q and 104.
13
Suppose 0*u + 2*u = 5*p - 50, -20 = -5*p - 4*u. Let r be (-7)/(((-12)/p)/3). Calculate the greatest common factor 